{"version":"1.0","provider_name":"Save","provider_url":"https:\/\/news.save.ch\/de","author_name":"Simon Gr\u00f6flin","author_url":"https:\/\/news.save.ch\/de\/author\/simon-groeflin\/","title":"A&A: Ein Startschuss f\u00fcr die Fachmessen in D\u00fcsseldorf - Save","type":"rich","width":600,"height":338,"html":"<blockquote class=\"wp-embedded-content\" data-secret=\"fIKmSZZ7gk\"><a href=\"https:\/\/news.save.ch\/de\/aa-ein-startschuss-fuer-die-fachmessen-in-duesseldorf\/\">A&#038;A: Ein Startschuss f\u00fcr die Fachmessen in D\u00fcsseldorf<\/a><\/blockquote><iframe sandbox=\"allow-scripts\" security=\"restricted\" src=\"https:\/\/news.save.ch\/de\/aa-ein-startschuss-fuer-die-fachmessen-in-duesseldorf\/embed\/#?secret=fIKmSZZ7gk\" width=\"600\" height=\"338\" title=\"&#8222;A&#038;A: Ein Startschuss f\u00fcr die Fachmessen in D\u00fcsseldorf&#8220; &#8211; Save\" data-secret=\"fIKmSZZ7gk\" frameborder=\"0\" marginwidth=\"0\" marginheight=\"0\" scrolling=\"no\" class=\"wp-embedded-content\"><\/iframe><script>\n\/*! This file is auto-generated *\/\n!function(d,l){\"use strict\";l.querySelector&&d.addEventListener&&\"undefined\"!=typeof URL&&(d.wp=d.wp||{},d.wp.receiveEmbedMessage||(d.wp.receiveEmbedMessage=function(e){var t=e.data;if((t||t.secret||t.message||t.value)&&!\/[^a-zA-Z0-9]\/.test(t.secret)){for(var s,r,n,a=l.querySelectorAll('iframe[data-secret=\"'+t.secret+'\"]'),o=l.querySelectorAll('blockquote[data-secret=\"'+t.secret+'\"]'),c=new RegExp(\"^https?:$\",\"i\"),i=0;i<o.length;i++)o[i].style.display=\"none\";for(i=0;i<a.length;i++)s=a[i],e.source===s.contentWindow&&(s.removeAttribute(\"style\"),\"height\"===t.message?(1e3<(r=parseInt(t.value,10))?r=1e3:~~r<200&&(r=200),s.height=r):\"link\"===t.message&&(r=new URL(s.getAttribute(\"src\")),n=new URL(t.value),c.test(n.protocol))&&n.host===r.host&&l.activeElement===s&&(d.top.location.href=t.value))}},d.addEventListener(\"message\",d.wp.receiveEmbedMessage,!1),l.addEventListener(\"DOMContentLoaded\",function(){for(var e,t,s=l.querySelectorAll(\"iframe.wp-embedded-content\"),r=0;r<s.length;r++)(t=(e=s[r]).getAttribute(\"data-secret\"))||(t=Math.random().toString(36).substring(2,12),e.src+=\"#?secret=\"+t,e.setAttribute(\"data-secret\",t)),e.contentWindow.postMessage({message:\"ready\",secret:t},\"*\")},!1)))}(window,document);\n\/\/# sourceURL=https:\/\/news.save.ch\/wp-includes\/js\/wp-embed.min.js\n<\/script>\n","thumbnail_url":"https:\/\/news.save.ch\/wp-content\/uploads\/2021\/10\/AA2019_HK9551-scaled-1.jpg","thumbnail_width":1400,"thumbnail_height":1068,"description":"Unter dem Motto \u00abDer Mensch z\u00e4hlt\u00bb pr\u00e4sentiert die A+A 2021 vom 26. bis 29. Oktober alles rund um Pers\u00f6nlichen Schutz, Betriebliche Sicherheit und Gesundheit bei der Arbeit. Mehr als 1200 Aussteller aus 56 Nationen pr\u00e4sentieren sich den Fachbesuchern in zehn Hallen auf dem D\u00fcsseldorfer Messegel\u00e4nde."}

Simon Gröflin

A&A: Ein Startschuss für die Fachmessen in Düsseldorf - Save

<blockquote class="wp-embedded-content" data-secret="fIKmSZZ7gk"><a href="https://news.save.ch/de/aa-ein-startschuss-fuer-die-fachmessen-in-duesseldorf/">A&#038;A: Ein Startschuss für die Fachmessen in Düsseldorf</a></blockquote><iframe sandbox="allow-scripts" security="restricted" src="https://news.save.ch/de/aa-ein-startschuss-fuer-die-fachmessen-in-duesseldorf/embed/#?secret=fIKmSZZ7gk" width="600" height="338" title="&#8222;A&#038;A: Ein Startschuss für die Fachmessen in Düsseldorf&#8220; &#8211; Save" data-secret="fIKmSZZ7gk" frameborder="0" marginwidth="0" marginheight="0" scrolling="no" class="wp-embedded-content"></iframe><script>
/*! This file is auto-generated */
!function(d,l){"use strict";l.querySelector&&d.addEventListener&&"undefined"!=typeof URL&&(d.wp=d.wp||{},d.wp.receiveEmbedMessage||(d.wp.receiveEmbedMessage=function(e){var t=e.data;if((t||t.secret||t.message||t.value)&&!/[^a-zA-Z0-9]/.test(t.secret)){for(var s,r,n,a=l.querySelectorAll('iframe[data-secret="'+t.secret+'"]'),o=l.querySelectorAll('blockquote[data-secret="'+t.secret+'"]'),c=new RegExp("^https?:$","i"),i=0;i<o.length;i++)o[i].style.display="none";for(i=0;i<a.length;i++)s=a[i],e.source===s.contentWindow&&(s.removeAttribute("style"),"height"===t.message?(1e3<(r=parseInt(t.value,10))?r=1e3:~~r<200&&(r=200),s.height=r):"link"===t.message&&(r=new URL(s.getAttribute("src")),n=new URL(t.value),c.test(n.protocol))&&n.host===r.host&&l.activeElement===s&&(d.top.location.href=t.value))}},d.addEventListener("message",d.wp.receiveEmbedMessage,!1),l.addEventListener("DOMContentLoaded",function(){for(var e,t,s=l.querySelectorAll("iframe.wp-embedded-content"),r=0;r<s.length;r++)(t=(e=s[r]).getAttribute("data-secret"))||(t=Math.random().toString(36).substring(2,12),e.src+="#?secret="+t,e.setAttribute("data-secret",t)),e.contentWindow.postMessage({message:"ready",secret:t},"*")},!1)))}(window,document);
//# sourceURL=https://news.save.ch/wp-includes/js/wp-embed.min.js
</script>

Unter dem Motto «Der Mensch zählt» präsentiert die A+A 2021 vom 26. bis 29. Oktober alles rund um Persönlichen Schutz, Betriebliche Sicherheit und Gesundheit bei der Arbeit. Mehr als 1200 Aussteller aus 56 Nationen präsentieren sich den Fachbesuchern in zehn Hallen auf dem Düsseldorfer Messegelände.
