{"version":"1.0","provider_name":"Save","provider_url":"https:\/\/news.save.ch\/de","author_name":"Simon Gr\u00f6flin","author_url":"https:\/\/news.save.ch\/de\/author\/simon-groeflin\/","title":"Ausverkauftes KKL Luzern am ersten Ersthelfer-Symposium - Save","type":"rich","width":600,"height":338,"html":"<blockquote class=\"wp-embedded-content\" data-secret=\"DRAl2jrzd9\"><a href=\"https:\/\/news.save.ch\/de\/ausverkauftes-kkl-luzern-am-ersten-ersthelfer-symposium\/\">Ausverkauftes KKL Luzern am ersten Ersthelfer-Symposium<\/a><\/blockquote><iframe sandbox=\"allow-scripts\" security=\"restricted\" src=\"https:\/\/news.save.ch\/de\/ausverkauftes-kkl-luzern-am-ersten-ersthelfer-symposium\/embed\/#?secret=DRAl2jrzd9\" width=\"600\" height=\"338\" title=\"&#8222;Ausverkauftes KKL Luzern am ersten Ersthelfer-Symposium&#8220; &#8211; Save\" data-secret=\"DRAl2jrzd9\" frameborder=\"0\" marginwidth=\"0\" marginheight=\"0\" scrolling=\"no\" class=\"wp-embedded-content\"><\/iframe><script>\n\/*! This file is auto-generated *\/\n!function(d,l){\"use strict\";l.querySelector&&d.addEventListener&&\"undefined\"!=typeof URL&&(d.wp=d.wp||{},d.wp.receiveEmbedMessage||(d.wp.receiveEmbedMessage=function(e){var t=e.data;if((t||t.secret||t.message||t.value)&&!\/[^a-zA-Z0-9]\/.test(t.secret)){for(var s,r,n,a=l.querySelectorAll('iframe[data-secret=\"'+t.secret+'\"]'),o=l.querySelectorAll('blockquote[data-secret=\"'+t.secret+'\"]'),c=new RegExp(\"^https?:$\",\"i\"),i=0;i<o.length;i++)o[i].style.display=\"none\";for(i=0;i<a.length;i++)s=a[i],e.source===s.contentWindow&&(s.removeAttribute(\"style\"),\"height\"===t.message?(1e3<(r=parseInt(t.value,10))?r=1e3:~~r<200&&(r=200),s.height=r):\"link\"===t.message&&(r=new URL(s.getAttribute(\"src\")),n=new URL(t.value),c.test(n.protocol))&&n.host===r.host&&l.activeElement===s&&(d.top.location.href=t.value))}},d.addEventListener(\"message\",d.wp.receiveEmbedMessage,!1),l.addEventListener(\"DOMContentLoaded\",function(){for(var e,t,s=l.querySelectorAll(\"iframe.wp-embedded-content\"),r=0;r<s.length;r++)(t=(e=s[r]).getAttribute(\"data-secret\"))||(t=Math.random().toString(36).substring(2,12),e.src+=\"#?secret=\"+t,e.setAttribute(\"data-secret\",t)),e.contentWindow.postMessage({message:\"ready\",secret:t},\"*\")},!1)))}(window,document);\n\/\/# sourceURL=https:\/\/news.save.ch\/wp-includes\/js\/wp-embed.min.js\n<\/script>\n","thumbnail_url":"https:\/\/news.save.ch\/wp-content\/uploads\/2021\/11\/Kuehnis_teaser.jpg","thumbnail_width":1316,"thumbnail_height":802,"description":"Das Ersthelfer-Symposium der Schweizer Vereinigung f\u00fcr Betriebssanit\u00e4t (SVBS) und von Betriebsapotheke.ch war ein Erfolg. Mit \u00fcber 270 Teilnehmenden war die Veranstaltung vom 6. November 2021 praktisch ausverkauft und die Halle des KKL voll besetzt. Im Fokus der Veranstaltung standen Ersthilfemassnahmen bei Augen-, R\u00fccken- und Stromverletzungen sowie Verbrennungen."}

Simon Gröflin

Das Ersthelfer-Symposium der Schweizer Vereinigung für Betriebssanität (SVBS) und von Betriebsapotheke.ch war ein Erfolg. Mit über 270 Teilnehmenden war die Veranstaltung vom 6. November 2021 praktisch ausverkauft und die Halle des KKL voll besetzt. Im Fokus der Veranstaltung standen Ersthilfemassnahmen bei Augen-, Rücken- und Stromverletzungen sowie Verbrennungen.
