{"version":"1.0","provider_name":"Save","provider_url":"https:\/\/news.save.ch\/en","author_name":"stefanie Zeng","author_url":"https:\/\/news.save.ch\/en\/author\/stefanie-zeng\/","title":"Neues F\u00e4higkeitsprofil Zivilschutz verabschiedet - Save","type":"rich","width":600,"height":338,"html":"<blockquote class=\"wp-embedded-content\" data-secret=\"H7xA8ogoHi\"><a href=\"https:\/\/news.save.ch\/en\/neues-faehigkeitsprofil-zivilschutz-verabschiedet\/\">New civil protection skills profile adopted<\/a><\/blockquote><iframe sandbox=\"allow-scripts\" security=\"restricted\" src=\"https:\/\/news.save.ch\/en\/neues-faehigkeitsprofil-zivilschutz-verabschiedet\/embed\/#?secret=H7xA8ogoHi\" width=\"600\" height=\"338\" title=\"\u201cNew civil protection skills profile adopted\u201d \u2014 Save\" data-secret=\"H7xA8ogoHi\" frameborder=\"0\" marginwidth=\"0\" marginheight=\"0\" scrolling=\"no\" class=\"wp-embedded-content\"><\/iframe><script>\n\/*! This file is auto-generated *\/\n!function(d,l){\"use strict\";l.querySelector&&d.addEventListener&&\"undefined\"!=typeof URL&&(d.wp=d.wp||{},d.wp.receiveEmbedMessage||(d.wp.receiveEmbedMessage=function(e){var t=e.data;if((t||t.secret||t.message||t.value)&&!\/[^a-zA-Z0-9]\/.test(t.secret)){for(var s,r,n,a=l.querySelectorAll('iframe[data-secret=\"'+t.secret+'\"]'),o=l.querySelectorAll('blockquote[data-secret=\"'+t.secret+'\"]'),c=new RegExp(\"^https?:$\",\"i\"),i=0;i<o.length;i++)o[i].style.display=\"none\";for(i=0;i<a.length;i++)s=a[i],e.source===s.contentWindow&&(s.removeAttribute(\"style\"),\"height\"===t.message?(1e3<(r=parseInt(t.value,10))?r=1e3:~~r<200&&(r=200),s.height=r):\"link\"===t.message&&(r=new URL(s.getAttribute(\"src\")),n=new URL(t.value),c.test(n.protocol))&&n.host===r.host&&l.activeElement===s&&(d.top.location.href=t.value))}},d.addEventListener(\"message\",d.wp.receiveEmbedMessage,!1),l.addEventListener(\"DOMContentLoaded\",function(){for(var e,t,s=l.querySelectorAll(\"iframe.wp-embedded-content\"),r=0;r<s.length;r++)(t=(e=s[r]).getAttribute(\"data-secret\"))||(t=Math.random().toString(36).substring(2,12),e.src+=\"#?secret=\"+t,e.setAttribute(\"data-secret\",t)),e.contentWindow.postMessage({message:\"ready\",secret:t},\"*\")},!1)))}(window,document);\n\/\/# sourceURL=https:\/\/news.save.ch\/wp-includes\/js\/wp-embed.min.js\n<\/script>","description":"Vertreterinnen und Vertreter der Kantone sowie des Bundesamts f\u00fcr Bev\u00f6lkerungsschutz nahmen an der Fr\u00fchjahrstagung der Konferenz der Amtschefinnen und Amtschefs (KdA) teil. Die Veranstaltung in Basel bot eine Plattform f\u00fcr den intensiven fachlichen Austausch und die gemeinsame Diskussion strategischer Themen im Bev\u00f6lkerungsschutz. Ein Thema der zweit\u00e4gigen Konferenz waren die Lehren, die aus dem Krieg in [&hellip;]","thumbnail_url":"https:\/\/news.save.ch\/wp-content\/uploads\/2025\/04\/AdobeStock_135362175-scaled.jpeg","thumbnail_width":1200,"thumbnail_height":667}

Neues Fähigkeitsprofil Zivilschutz verabschiedet - Save

Vertreterinnen und Vertreter der Kantone sowie des Bundesamts für Bevölkerungsschutz nahmen an der Frühjahrstagung der Konferenz der Amtschefinnen und Amtschefs (KdA) teil. Die Veranstaltung in Basel bot eine Plattform für den intensiven fachlichen Austausch und die gemeinsame Diskussion strategischer Themen im Bevölkerungsschutz. Ein Thema der zweitägigen Konferenz waren die Lehren, die aus dem Krieg in [&hellip;]
