{"version":"1.0","provider_name":"Save","provider_url":"https:\/\/news.save.ch\/en","author_name":"admin","author_url":"https:\/\/news.save.ch\/en\/author\/admin\/","title":"Sicherheitsverbund CH: Verwaltungsvereinbarung gutgeheissen","type":"rich","width":600,"height":338,"html":"<blockquote class=\"wp-embedded-content\" data-secret=\"acO4iiHdsj\"><a href=\"https:\/\/news.save.ch\/en\/sicherheitsverbund-ch-verwaltungsvereinbarung-gutgeheissen\/\">Sicherheitsverbund CH: Administrative agreement approved<\/a><\/blockquote><iframe sandbox=\"allow-scripts\" security=\"restricted\" src=\"https:\/\/news.save.ch\/en\/sicherheitsverbund-ch-verwaltungsvereinbarung-gutgeheissen\/embed\/#?secret=acO4iiHdsj\" width=\"600\" height=\"338\" title=\"&#8220;Sicherheitsverbund CH: Verwaltungsvereinbarung gutgeheissen&#8221; &#8212; Save\" data-secret=\"acO4iiHdsj\" frameborder=\"0\" marginwidth=\"0\" marginheight=\"0\" scrolling=\"no\" class=\"wp-embedded-content\"><\/iframe><script>\n\/*! This file is auto-generated *\/\n!function(d,l){\"use strict\";l.querySelector&&d.addEventListener&&\"undefined\"!=typeof URL&&(d.wp=d.wp||{},d.wp.receiveEmbedMessage||(d.wp.receiveEmbedMessage=function(e){var t=e.data;if((t||t.secret||t.message||t.value)&&!\/[^a-zA-Z0-9]\/.test(t.secret)){for(var s,r,n,a=l.querySelectorAll('iframe[data-secret=\"'+t.secret+'\"]'),o=l.querySelectorAll('blockquote[data-secret=\"'+t.secret+'\"]'),c=new RegExp(\"^https?:$\",\"i\"),i=0;i<o.length;i++)o[i].style.display=\"none\";for(i=0;i<a.length;i++)s=a[i],e.source===s.contentWindow&&(s.removeAttribute(\"style\"),\"height\"===t.message?(1e3<(r=parseInt(t.value,10))?r=1e3:~~r<200&&(r=200),s.height=r):\"link\"===t.message&&(r=new URL(s.getAttribute(\"src\")),n=new URL(t.value),c.test(n.protocol))&&n.host===r.host&&l.activeElement===s&&(d.top.location.href=t.value))}},d.addEventListener(\"message\",d.wp.receiveEmbedMessage,!1),l.addEventListener(\"DOMContentLoaded\",function(){for(var e,t,s=l.querySelectorAll(\"iframe.wp-embedded-content\"),r=0;r<s.length;r++)(t=(e=s[r]).getAttribute(\"data-secret\"))||(t=Math.random().toString(36).substring(2,12),e.src+=\"#?secret=\"+t,e.setAttribute(\"data-secret\",t)),e.contentWindow.postMessage({message:\"ready\",secret:t},\"*\")},!1)))}(window,document);\n\/\/# sourceURL=https:\/\/news.save.ch\/wp-includes\/js\/wp-embed.min.js\n<\/script>","thumbnail_url":"https:\/\/news.save.ch\/wp-content\/uploads\/2016\/12\/Sicherheitsverbund-CH-Verwaltungsvereinbarung-gutgeheissen-sicherheitsforum.jpg","thumbnail_width":600,"thumbnail_height":400,"description":"Bund und Kantone werden den Sicherheitsverbund Schweiz im n\u00e4chsten Jahr weiterzuf\u00fchren. Der Bundesrat hat k\u00fcrzlich die Verwaltungsvereinbarung \u00fcber den Sicherheitsverbund Schweiz gutgeheissen und die Vorsteherin des EJPD und den Chef VBS beauftragt, die Verwaltungsvereinbarung mit den Kantonen zu unterzeichnen."}

Bund und Kantone werden den Sicherheitsverbund Schweiz im nächsten Jahr weiterzuführen. Der Bundesrat hat kürzlich die Verwaltungsvereinbarung über den Sicherheitsverbund Schweiz gutgeheissen und die Vorsteherin des EJPD und den Chef VBS beauftragt, die Verwaltungsvereinbarung mit den Kantonen zu unterzeichnen.
