{"version":"1.0","provider_name":"Save","provider_url":"https:\/\/news.save.ch\/en","author_name":"Simon Gr\u00f6flin","author_url":"https:\/\/news.save.ch\/en\/author\/simon-groeflin\/","title":"Studie \u00abSicherheit 2023\u00bb: kritischere Bewertung der Neutralit\u00e4t - Save","type":"rich","width":600,"height":338,"html":"<blockquote class=\"wp-embedded-content\" data-secret=\"0sI47KX5sp\"><a href=\"https:\/\/news.save.ch\/en\/studie-sicherheit-2023-kritischere-bewertung-der-neutralitaet\/\">Security 2023\" study: more critical assessment of neutrality<\/a><\/blockquote><iframe sandbox=\"allow-scripts\" security=\"restricted\" src=\"https:\/\/news.save.ch\/en\/studie-sicherheit-2023-kritischere-bewertung-der-neutralitaet\/embed\/#?secret=0sI47KX5sp\" width=\"600\" height=\"338\" title=\"&quot;Security 2023 study: more critical assessment of neutrality&quot; - Save\" data-secret=\"0sI47KX5sp\" frameborder=\"0\" marginwidth=\"0\" marginheight=\"0\" scrolling=\"no\" class=\"wp-embedded-content\"><\/iframe><script>\n\/*! This file is auto-generated *\/\n!function(d,l){\"use strict\";l.querySelector&&d.addEventListener&&\"undefined\"!=typeof URL&&(d.wp=d.wp||{},d.wp.receiveEmbedMessage||(d.wp.receiveEmbedMessage=function(e){var t=e.data;if((t||t.secret||t.message||t.value)&&!\/[^a-zA-Z0-9]\/.test(t.secret)){for(var s,r,n,a=l.querySelectorAll('iframe[data-secret=\"'+t.secret+'\"]'),o=l.querySelectorAll('blockquote[data-secret=\"'+t.secret+'\"]'),c=new RegExp(\"^https?:$\",\"i\"),i=0;i<o.length;i++)o[i].style.display=\"none\";for(i=0;i<a.length;i++)s=a[i],e.source===s.contentWindow&&(s.removeAttribute(\"style\"),\"height\"===t.message?(1e3<(r=parseInt(t.value,10))?r=1e3:~~r<200&&(r=200),s.height=r):\"link\"===t.message&&(r=new URL(s.getAttribute(\"src\")),n=new URL(t.value),c.test(n.protocol))&&n.host===r.host&&l.activeElement===s&&(d.top.location.href=t.value))}},d.addEventListener(\"message\",d.wp.receiveEmbedMessage,!1),l.addEventListener(\"DOMContentLoaded\",function(){for(var e,t,s=l.querySelectorAll(\"iframe.wp-embedded-content\"),r=0;r<s.length;r++)(t=(e=s[r]).getAttribute(\"data-secret\"))||(t=Math.random().toString(36).substring(2,12),e.src+=\"#?secret=\"+t,e.setAttribute(\"data-secret\",t)),e.contentWindow.postMessage({message:\"ready\",secret:t},\"*\")},!1)))}(window,document);\n\/\/# sourceURL=https:\/\/news.save.ch\/wp-includes\/js\/wp-embed.min.js\n<\/script>","thumbnail_url":"https:\/\/news.save.ch\/wp-content\/uploads\/2023\/03\/Depositphotos_116305310_S.jpg","thumbnail_width":1000,"thumbnail_height":582,"description":"Eine knappe Mehrheit der Schweizer Bev\u00f6lkerung fordert eine Ann\u00e4herung an die Nato. Dies zeigt unter anderem die Auswertung der Studie \u00abSicherheit 2023\u00bb, die von der Milit\u00e4rakademie (Milak) an der ETH Z\u00fcrich und dem Center for Security Studies (CSS) der ETH Z\u00fcrich herausgegeben wird."}

Simon Gröflin

Studie «Sicherheit 2023»: kritischere Bewertung der Neutralität - Save

Eine knappe Mehrheit der Schweizer Bevölkerung fordert eine Annäherung an die Nato. Dies zeigt unter anderem die Auswertung der Studie «Sicherheit 2023», die von der Militärakademie (Milak) an der ETH Zürich und dem Center for Security Studies (CSS) der ETH Zürich herausgegeben wird.
