{"version":"1.0","provider_name":"Save","provider_url":"https:\/\/news.save.ch\/fr","author_name":"Simon Gr\u00f6flin","author_url":"https:\/\/news.save.ch\/fr\/author\/simon-groeflin\/","title":"Datenleck bei Impfplattform: Datensch\u00fctzer er\u00f6ffnet Verfahren - Save","type":"rich","width":600,"height":338,"html":"<blockquote class=\"wp-embedded-content\" data-secret=\"q6IShp20Jn\"><a href=\"https:\/\/news.save.ch\/fr\/datenleck-bei-impfplattform-datenschuetzer-eroeffnet-verfahren-2\/\">Fuite de donn\u00e9es sur la plateforme de vaccination : le protecteur des donn\u00e9es ouvre une proc\u00e9dure<\/a><\/blockquote><iframe sandbox=\"allow-scripts\" security=\"restricted\" src=\"https:\/\/news.save.ch\/fr\/datenleck-bei-impfplattform-datenschuetzer-eroeffnet-verfahren-2\/embed\/#?secret=q6IShp20Jn\" width=\"600\" height=\"338\" title=\"\u00ab Fuite de donn\u00e9es sur la plateforme de vaccination : le protecteur des donn\u00e9es ouvre une proc\u00e9dure \u00bb - Save\" data-secret=\"q6IShp20Jn\" frameborder=\"0\" marginwidth=\"0\" marginheight=\"0\" scrolling=\"no\" class=\"wp-embedded-content\"><\/iframe><script>\n\/*! This file is auto-generated *\/\n!function(d,l){\"use strict\";l.querySelector&&d.addEventListener&&\"undefined\"!=typeof URL&&(d.wp=d.wp||{},d.wp.receiveEmbedMessage||(d.wp.receiveEmbedMessage=function(e){var t=e.data;if((t||t.secret||t.message||t.value)&&!\/[^a-zA-Z0-9]\/.test(t.secret)){for(var s,r,n,a=l.querySelectorAll('iframe[data-secret=\"'+t.secret+'\"]'),o=l.querySelectorAll('blockquote[data-secret=\"'+t.secret+'\"]'),c=new RegExp(\"^https?:$\",\"i\"),i=0;i<o.length;i++)o[i].style.display=\"none\";for(i=0;i<a.length;i++)s=a[i],e.source===s.contentWindow&&(s.removeAttribute(\"style\"),\"height\"===t.message?(1e3<(r=parseInt(t.value,10))?r=1e3:~~r<200&&(r=200),s.height=r):\"link\"===t.message&&(r=new URL(s.getAttribute(\"src\")),n=new URL(t.value),c.test(n.protocol))&&n.host===r.host&&l.activeElement===s&&(d.top.location.href=t.value))}},d.addEventListener(\"message\",d.wp.receiveEmbedMessage,!1),l.addEventListener(\"DOMContentLoaded\",function(){for(var e,t,s=l.querySelectorAll(\"iframe.wp-embedded-content\"),r=0;r<s.length;r++)(t=(e=s[r]).getAttribute(\"data-secret\"))||(t=Math.random().toString(36).substring(2,12),e.src+=\"#?secret=\"+t,e.setAttribute(\"data-secret\",t)),e.contentWindow.postMessage({message:\"ready\",secret:t},\"*\")},!1)))}(window,document);\n\/\/# sourceURL=https:\/\/news.save.ch\/wp-includes\/js\/wp-embed.min.js\n<\/script>","thumbnail_url":"https:\/\/news.save.ch\/wp-content\/uploads\/2021\/03\/meineimpfungen_datenschutz-1.jpg","thumbnail_width":695,"thumbnail_height":395,"description":"Der Eidg. Datenschutz- und \u00d6ffentlichkeitsbeauftragte hat auf eine Anzeige eines Online-Magazins ein formelles Verfahren gegen die Betreiber der Plattform www.meineimpfungen.ch er\u00f6ffnet. Er erachtet die geltend gemachten Datenschutzverletzungen als plausibel und hat die Stiftung aufgefordert, die Plattform bis auf Weiteres vom Netz zu nehmen."}

Simon Gröflin

Datenleck bei Impfplattform: Datenschützer eröffnet Verfahren - Save

<blockquote class="wp-embedded-content" data-secret="q6IShp20Jn"><a href="https://news.save.ch/fr/datenleck-bei-impfplattform-datenschuetzer-eroeffnet-verfahren-2/">Fuite de données sur la plateforme de vaccination : le protecteur des données ouvre une procédure</a></blockquote><iframe sandbox="allow-scripts" security="restricted" src="https://news.save.ch/fr/datenleck-bei-impfplattform-datenschuetzer-eroeffnet-verfahren-2/embed/#?secret=q6IShp20Jn" width="600" height="338" title="« Fuite de données sur la plateforme de vaccination : le protecteur des données ouvre une procédure » - Save" data-secret="q6IShp20Jn" frameborder="0" marginwidth="0" marginheight="0" scrolling="no" class="wp-embedded-content"></iframe><script>
/*! This file is auto-generated */
!function(d,l){"use strict";l.querySelector&&d.addEventListener&&"undefined"!=typeof URL&&(d.wp=d.wp||{},d.wp.receiveEmbedMessage||(d.wp.receiveEmbedMessage=function(e){var t=e.data;if((t||t.secret||t.message||t.value)&&!/[^a-zA-Z0-9]/.test(t.secret)){for(var s,r,n,a=l.querySelectorAll('iframe[data-secret="'+t.secret+'"]'),o=l.querySelectorAll('blockquote[data-secret="'+t.secret+'"]'),c=new RegExp("^https?:$","i"),i=0;i<o.length;i++)o[i].style.display="none";for(i=0;i<a.length;i++)s=a[i],e.source===s.contentWindow&&(s.removeAttribute("style"),"height"===t.message?(1e3<(r=parseInt(t.value,10))?r=1e3:~~r<200&&(r=200),s.height=r):"link"===t.message&&(r=new URL(s.getAttribute("src")),n=new URL(t.value),c.test(n.protocol))&&n.host===r.host&&l.activeElement===s&&(d.top.location.href=t.value))}},d.addEventListener("message",d.wp.receiveEmbedMessage,!1),l.addEventListener("DOMContentLoaded",function(){for(var e,t,s=l.querySelectorAll("iframe.wp-embedded-content"),r=0;r<s.length;r++)(t=(e=s[r]).getAttribute("data-secret"))||(t=Math.random().toString(36).substring(2,12),e.src+="#?secret="+t,e.setAttribute("data-secret",t)),e.contentWindow.postMessage({message:"ready",secret:t},"*")},!1)))}(window,document);
//# sourceURL=https://news.save.ch/wp-includes/js/wp-embed.min.js
</script>

Der Eidg. Datenschutz- und Öffentlichkeitsbeauftragte hat auf eine Anzeige eines Online-Magazins ein formelles Verfahren gegen die Betreiber der Plattform www.meineimpfungen.ch eröffnet. Er erachtet die geltend gemachten Datenschutzverletzungen als plausibel und hat die Stiftung aufgefordert, die Plattform bis auf Weiteres vom Netz zu nehmen.
