{"version":"1.0","provider_name":"Save","provider_url":"https:\/\/news.save.ch\/fr","author_name":"Simon Gr\u00f6flin","author_url":"https:\/\/news.save.ch\/fr\/author\/simon-groeflin\/","title":"Die Lage auf dem Arbeitsmarkt im 2021 - Save","type":"rich","width":600,"height":338,"html":"<blockquote class=\"wp-embedded-content\" data-secret=\"fBLGa8lwHx\"><a href=\"https:\/\/news.save.ch\/fr\/die-lage-auf-dem-arbeitsmarkt-im-2021\/\">La situation sur le march\u00e9 du travail en 2021<\/a><\/blockquote><iframe sandbox=\"allow-scripts\" security=\"restricted\" src=\"https:\/\/news.save.ch\/fr\/die-lage-auf-dem-arbeitsmarkt-im-2021\/embed\/#?secret=fBLGa8lwHx\" width=\"600\" height=\"338\" title=\"\u00ab\u00a0Die Lage auf dem Arbeitsmarkt im 2021\u00a0\u00bb &#8212; Save\" data-secret=\"fBLGa8lwHx\" frameborder=\"0\" marginwidth=\"0\" marginheight=\"0\" scrolling=\"no\" class=\"wp-embedded-content\"><\/iframe><script>\n\/*! This file is auto-generated *\/\n!function(d,l){\"use strict\";l.querySelector&&d.addEventListener&&\"undefined\"!=typeof URL&&(d.wp=d.wp||{},d.wp.receiveEmbedMessage||(d.wp.receiveEmbedMessage=function(e){var t=e.data;if((t||t.secret||t.message||t.value)&&!\/[^a-zA-Z0-9]\/.test(t.secret)){for(var s,r,n,a=l.querySelectorAll('iframe[data-secret=\"'+t.secret+'\"]'),o=l.querySelectorAll('blockquote[data-secret=\"'+t.secret+'\"]'),c=new RegExp(\"^https?:$\",\"i\"),i=0;i<o.length;i++)o[i].style.display=\"none\";for(i=0;i<a.length;i++)s=a[i],e.source===s.contentWindow&&(s.removeAttribute(\"style\"),\"height\"===t.message?(1e3<(r=parseInt(t.value,10))?r=1e3:~~r<200&&(r=200),s.height=r):\"link\"===t.message&&(r=new URL(s.getAttribute(\"src\")),n=new URL(t.value),c.test(n.protocol))&&n.host===r.host&&l.activeElement===s&&(d.top.location.href=t.value))}},d.addEventListener(\"message\",d.wp.receiveEmbedMessage,!1),l.addEventListener(\"DOMContentLoaded\",function(){for(var e,t,s=l.querySelectorAll(\"iframe.wp-embedded-content\"),r=0;r<s.length;r++)(t=(e=s[r]).getAttribute(\"data-secret\"))||(t=Math.random().toString(36).substring(2,12),e.src+=\"#?secret=\"+t,e.setAttribute(\"data-secret\",t)),e.contentWindow.postMessage({message:\"ready\",secret:t},\"*\")},!1)))}(window,document);\n\/\/# sourceURL=https:\/\/news.save.ch\/wp-includes\/js\/wp-embed.min.js\n<\/script>","thumbnail_url":"https:\/\/news.save.ch\/wp-content\/uploads\/2021\/02\/Arbeitsmarkt_pixabay.jpg","thumbnail_width":850,"thumbnail_height":534,"description":"Gem\u00e4ss den Erhebungen des Staatssekretariats f\u00fcr Wirtschaft waren Ende Januar rund 170'000 Arbeitslose beim RAV eingeschrieben, etwa 6200 mehr als im Vormonat. Gegen\u00fcber dem Vorjahresmonat erh\u00f6hte sich die Arbeitslosigkeit in der Schweiz um gut 40 Prozent."}

Simon Gröflin

<blockquote class="wp-embedded-content" data-secret="fBLGa8lwHx"><a href="https://news.save.ch/fr/die-lage-auf-dem-arbeitsmarkt-im-2021/">La situation sur le marché du travail en 2021</a></blockquote><iframe sandbox="allow-scripts" security="restricted" src="https://news.save.ch/fr/die-lage-auf-dem-arbeitsmarkt-im-2021/embed/#?secret=fBLGa8lwHx" width="600" height="338" title="« Die Lage auf dem Arbeitsmarkt im 2021 » &#8212; Save" data-secret="fBLGa8lwHx" frameborder="0" marginwidth="0" marginheight="0" scrolling="no" class="wp-embedded-content"></iframe><script>
/*! This file is auto-generated */
!function(d,l){"use strict";l.querySelector&&d.addEventListener&&"undefined"!=typeof URL&&(d.wp=d.wp||{},d.wp.receiveEmbedMessage||(d.wp.receiveEmbedMessage=function(e){var t=e.data;if((t||t.secret||t.message||t.value)&&!/[^a-zA-Z0-9]/.test(t.secret)){for(var s,r,n,a=l.querySelectorAll('iframe[data-secret="'+t.secret+'"]'),o=l.querySelectorAll('blockquote[data-secret="'+t.secret+'"]'),c=new RegExp("^https?:$","i"),i=0;i<o.length;i++)o[i].style.display="none";for(i=0;i<a.length;i++)s=a[i],e.source===s.contentWindow&&(s.removeAttribute("style"),"height"===t.message?(1e3<(r=parseInt(t.value,10))?r=1e3:~~r<200&&(r=200),s.height=r):"link"===t.message&&(r=new URL(s.getAttribute("src")),n=new URL(t.value),c.test(n.protocol))&&n.host===r.host&&l.activeElement===s&&(d.top.location.href=t.value))}},d.addEventListener("message",d.wp.receiveEmbedMessage,!1),l.addEventListener("DOMContentLoaded",function(){for(var e,t,s=l.querySelectorAll("iframe.wp-embedded-content"),r=0;r<s.length;r++)(t=(e=s[r]).getAttribute("data-secret"))||(t=Math.random().toString(36).substring(2,12),e.src+="#?secret="+t,e.setAttribute("data-secret",t)),e.contentWindow.postMessage({message:"ready",secret:t},"*")},!1)))}(window,document);
//# sourceURL=https://news.save.ch/wp-includes/js/wp-embed.min.js
</script>

Gemäss den Erhebungen des Staatssekretariats für Wirtschaft waren Ende Januar rund 170'000 Arbeitslose beim RAV eingeschrieben, etwa 6200 mehr als im Vormonat. Gegenüber dem Vorjahresmonat erhöhte sich die Arbeitslosigkeit in der Schweiz um gut 40 Prozent.
