{"version":"1.0","provider_name":"Save","provider_url":"https:\/\/news.save.ch\/fr","author_name":"Roger Str\u00e4ssle","author_url":"https:\/\/news.save.ch\/fr\/author\/roger-straessle\/","title":"Was ist neu an der Sicherheit 2017? - Save","type":"rich","width":600,"height":338,"html":"<blockquote class=\"wp-embedded-content\" data-secret=\"7z18Bmn0RZ\"><a href=\"https:\/\/news.save.ch\/fr\/neuheiten-an-der-sicherheit-2017\/\">Quelles sont les nouveaut\u00e9s en mati\u00e8re de s\u00e9curit\u00e9 en 2017 ?<\/a><\/blockquote><iframe sandbox=\"allow-scripts\" security=\"restricted\" src=\"https:\/\/news.save.ch\/fr\/neuheiten-an-der-sicherheit-2017\/embed\/#?secret=7z18Bmn0RZ\" width=\"600\" height=\"338\" title=\"\u00ab\u00a0Was ist neu an der Sicherheit 2017?\u00a0\u00bb &#8212; Save\" data-secret=\"7z18Bmn0RZ\" frameborder=\"0\" marginwidth=\"0\" marginheight=\"0\" scrolling=\"no\" class=\"wp-embedded-content\"><\/iframe><script>\n\/*! This file is auto-generated *\/\n!function(d,l){\"use strict\";l.querySelector&&d.addEventListener&&\"undefined\"!=typeof URL&&(d.wp=d.wp||{},d.wp.receiveEmbedMessage||(d.wp.receiveEmbedMessage=function(e){var t=e.data;if((t||t.secret||t.message||t.value)&&!\/[^a-zA-Z0-9]\/.test(t.secret)){for(var s,r,n,a=l.querySelectorAll('iframe[data-secret=\"'+t.secret+'\"]'),o=l.querySelectorAll('blockquote[data-secret=\"'+t.secret+'\"]'),c=new RegExp(\"^https?:$\",\"i\"),i=0;i<o.length;i++)o[i].style.display=\"none\";for(i=0;i<a.length;i++)s=a[i],e.source===s.contentWindow&&(s.removeAttribute(\"style\"),\"height\"===t.message?(1e3<(r=parseInt(t.value,10))?r=1e3:~~r<200&&(r=200),s.height=r):\"link\"===t.message&&(r=new URL(s.getAttribute(\"src\")),n=new URL(t.value),c.test(n.protocol))&&n.host===r.host&&l.activeElement===s&&(d.top.location.href=t.value))}},d.addEventListener(\"message\",d.wp.receiveEmbedMessage,!1),l.addEventListener(\"DOMContentLoaded\",function(){for(var e,t,s=l.querySelectorAll(\"iframe.wp-embedded-content\"),r=0;r<s.length;r++)(t=(e=s[r]).getAttribute(\"data-secret\"))||(t=Math.random().toString(36).substring(2,12),e.src+=\"#?secret=\"+t,e.setAttribute(\"data-secret\",t)),e.contentWindow.postMessage({message:\"ready\",secret:t},\"*\")},!1)))}(window,document);\n\/\/# sourceURL=https:\/\/news.save.ch\/wp-includes\/js\/wp-embed.min.js\n<\/script>","thumbnail_url":"https:\/\/news.save.ch\/wp-content\/uploads\/2016\/12\/240_sicherheit_-_fotograf_thomas_entzeroth_1000137-scaled.jpg","thumbnail_width":1400,"thumbnail_height":932,"description":"Alternierend zur S\u00e9curity in Lausanne findet im kommenden Jahr die Sicherheit 2017 (14. bis 17. November) statt. Fachkongress wird komplett integriert\u00a0 In Zahlen ausgedr\u00fcckt ist der Fachkongress im Rahmen der Sicherheit 2017 rasch erz\u00e4hlt: 12 Halbtagesmodule mit rund 70 Referenten; erwartet werden rund 1000 Besucherinnen und Besucher. Neu ist, dass der Fachkongress komplett in die [&hellip;]"}

Roger Strässle

<blockquote class="wp-embedded-content" data-secret="7z18Bmn0RZ"><a href="https://news.save.ch/fr/neuheiten-an-der-sicherheit-2017/">Quelles sont les nouveautés en matière de sécurité en 2017 ?</a></blockquote><iframe sandbox="allow-scripts" security="restricted" src="https://news.save.ch/fr/neuheiten-an-der-sicherheit-2017/embed/#?secret=7z18Bmn0RZ" width="600" height="338" title="« Was ist neu an der Sicherheit 2017? » &#8212; Save" data-secret="7z18Bmn0RZ" frameborder="0" marginwidth="0" marginheight="0" scrolling="no" class="wp-embedded-content"></iframe><script>
/*! This file is auto-generated */
!function(d,l){"use strict";l.querySelector&&d.addEventListener&&"undefined"!=typeof URL&&(d.wp=d.wp||{},d.wp.receiveEmbedMessage||(d.wp.receiveEmbedMessage=function(e){var t=e.data;if((t||t.secret||t.message||t.value)&&!/[^a-zA-Z0-9]/.test(t.secret)){for(var s,r,n,a=l.querySelectorAll('iframe[data-secret="'+t.secret+'"]'),o=l.querySelectorAll('blockquote[data-secret="'+t.secret+'"]'),c=new RegExp("^https?:$","i"),i=0;i<o.length;i++)o[i].style.display="none";for(i=0;i<a.length;i++)s=a[i],e.source===s.contentWindow&&(s.removeAttribute("style"),"height"===t.message?(1e3<(r=parseInt(t.value,10))?r=1e3:~~r<200&&(r=200),s.height=r):"link"===t.message&&(r=new URL(s.getAttribute("src")),n=new URL(t.value),c.test(n.protocol))&&n.host===r.host&&l.activeElement===s&&(d.top.location.href=t.value))}},d.addEventListener("message",d.wp.receiveEmbedMessage,!1),l.addEventListener("DOMContentLoaded",function(){for(var e,t,s=l.querySelectorAll("iframe.wp-embedded-content"),r=0;r<s.length;r++)(t=(e=s[r]).getAttribute("data-secret"))||(t=Math.random().toString(36).substring(2,12),e.src+="#?secret="+t,e.setAttribute("data-secret",t)),e.contentWindow.postMessage({message:"ready",secret:t},"*")},!1)))}(window,document);
//# sourceURL=https://news.save.ch/wp-includes/js/wp-embed.min.js
</script>

Alternierend zur Sécurity in Lausanne findet im kommenden Jahr die Sicherheit 2017 (14. bis 17. November) statt. Fachkongress wird komplett integriert  In Zahlen ausgedrückt ist der Fachkongress im Rahmen der Sicherheit 2017 rasch erzählt: 12 Halbtagesmodule mit rund 70 Referenten; erwartet werden rund 1000 Besucherinnen und Besucher. Neu ist, dass der Fachkongress komplett in die [&hellip;]
