{"version":"1.0","provider_name":"Save","provider_url":"https:\/\/news.save.ch\/fr","author_name":"Simon Gr\u00f6flin","author_url":"https:\/\/news.save.ch\/fr\/author\/simon-groeflin\/","title":"Zweiter Covid-Impfstoff f\u00fcr die Bev\u00f6lkerung zugelassen - Save","type":"rich","width":600,"height":338,"html":"<blockquote class=\"wp-embedded-content\" data-secret=\"Kg1mD99iwu\"><a href=\"https:\/\/news.save.ch\/fr\/zweiter-covid-impfstoff-fuer-die-bevoelkerung-zugelassen\/\">Deuxi\u00e8me vaccin Covid autoris\u00e9 pour la population g\u00e9n\u00e9rale<\/a><\/blockquote><iframe sandbox=\"allow-scripts\" security=\"restricted\" src=\"https:\/\/news.save.ch\/fr\/zweiter-covid-impfstoff-fuer-die-bevoelkerung-zugelassen\/embed\/#?secret=Kg1mD99iwu\" width=\"600\" height=\"338\" title=\"&quot; Deuxi\u00e8me vaccin Covid autoris\u00e9 pour la population &quot; - Save\" data-secret=\"Kg1mD99iwu\" frameborder=\"0\" marginwidth=\"0\" marginheight=\"0\" scrolling=\"no\" class=\"wp-embedded-content\"><\/iframe><script>\n\/*! This file is auto-generated *\/\n!function(d,l){\"use strict\";l.querySelector&&d.addEventListener&&\"undefined\"!=typeof URL&&(d.wp=d.wp||{},d.wp.receiveEmbedMessage||(d.wp.receiveEmbedMessage=function(e){var t=e.data;if((t||t.secret||t.message||t.value)&&!\/[^a-zA-Z0-9]\/.test(t.secret)){for(var s,r,n,a=l.querySelectorAll('iframe[data-secret=\"'+t.secret+'\"]'),o=l.querySelectorAll('blockquote[data-secret=\"'+t.secret+'\"]'),c=new RegExp(\"^https?:$\",\"i\"),i=0;i<o.length;i++)o[i].style.display=\"none\";for(i=0;i<a.length;i++)s=a[i],e.source===s.contentWindow&&(s.removeAttribute(\"style\"),\"height\"===t.message?(1e3<(r=parseInt(t.value,10))?r=1e3:~~r<200&&(r=200),s.height=r):\"link\"===t.message&&(r=new URL(s.getAttribute(\"src\")),n=new URL(t.value),c.test(n.protocol))&&n.host===r.host&&l.activeElement===s&&(d.top.location.href=t.value))}},d.addEventListener(\"message\",d.wp.receiveEmbedMessage,!1),l.addEventListener(\"DOMContentLoaded\",function(){for(var e,t,s=l.querySelectorAll(\"iframe.wp-embedded-content\"),r=0;r<s.length;r++)(t=(e=s[r]).getAttribute(\"data-secret\"))||(t=Math.random().toString(36).substring(2,12),e.src+=\"#?secret=\"+t,e.setAttribute(\"data-secret\",t)),e.contentWindow.postMessage({message:\"ready\",secret:t},\"*\")},!1)))}(window,document);\n\/\/# sourceURL=https:\/\/news.save.ch\/wp-includes\/js\/wp-embed.min.js\n<\/script>","thumbnail_url":"https:\/\/news.save.ch\/wp-content\/uploads\/2016\/12\/Impftag-gegen-Grippe-und-Masern_safety-plus.jpg","thumbnail_width":1000,"thumbnail_height":667,"description":"Die Heilmittelbeh\u00f6rde Swissmedic hat am 12. Januar 2021 den zweiten Covid-19-Impfstoff f\u00fcr den Schweizer Markt zugelassen. Damit stehen in der Schweiz nun im Januar eine halbe Million Impfdosen bereit. Die erste Lieferung von 200'000 Dosen \u00abModerna\u00bb erfolge in den n\u00e4chsten Tagen. Die Armeeapotheke verteilt den Impfstoff an die Kantone.\u00a0"}

Simon Gröflin

Zweiter Covid-Impfstoff für die Bevölkerung zugelassen - Save

<blockquote class="wp-embedded-content" data-secret="Kg1mD99iwu"><a href="https://news.save.ch/fr/zweiter-covid-impfstoff-fuer-die-bevoelkerung-zugelassen/">Deuxième vaccin Covid autorisé pour la population générale</a></blockquote><iframe sandbox="allow-scripts" security="restricted" src="https://news.save.ch/fr/zweiter-covid-impfstoff-fuer-die-bevoelkerung-zugelassen/embed/#?secret=Kg1mD99iwu" width="600" height="338" title="&quot; Deuxième vaccin Covid autorisé pour la population &quot; - Save" data-secret="Kg1mD99iwu" frameborder="0" marginwidth="0" marginheight="0" scrolling="no" class="wp-embedded-content"></iframe><script>
/*! This file is auto-generated */
!function(d,l){"use strict";l.querySelector&&d.addEventListener&&"undefined"!=typeof URL&&(d.wp=d.wp||{},d.wp.receiveEmbedMessage||(d.wp.receiveEmbedMessage=function(e){var t=e.data;if((t||t.secret||t.message||t.value)&&!/[^a-zA-Z0-9]/.test(t.secret)){for(var s,r,n,a=l.querySelectorAll('iframe[data-secret="'+t.secret+'"]'),o=l.querySelectorAll('blockquote[data-secret="'+t.secret+'"]'),c=new RegExp("^https?:$","i"),i=0;i<o.length;i++)o[i].style.display="none";for(i=0;i<a.length;i++)s=a[i],e.source===s.contentWindow&&(s.removeAttribute("style"),"height"===t.message?(1e3<(r=parseInt(t.value,10))?r=1e3:~~r<200&&(r=200),s.height=r):"link"===t.message&&(r=new URL(s.getAttribute("src")),n=new URL(t.value),c.test(n.protocol))&&n.host===r.host&&l.activeElement===s&&(d.top.location.href=t.value))}},d.addEventListener("message",d.wp.receiveEmbedMessage,!1),l.addEventListener("DOMContentLoaded",function(){for(var e,t,s=l.querySelectorAll("iframe.wp-embedded-content"),r=0;r<s.length;r++)(t=(e=s[r]).getAttribute("data-secret"))||(t=Math.random().toString(36).substring(2,12),e.src+="#?secret="+t,e.setAttribute("data-secret",t)),e.contentWindow.postMessage({message:"ready",secret:t},"*")},!1)))}(window,document);
//# sourceURL=https://news.save.ch/wp-includes/js/wp-embed.min.js
</script>

Die Heilmittelbehörde Swissmedic hat am 12. Januar 2021 den zweiten Covid-19-Impfstoff für den Schweizer Markt zugelassen. Damit stehen in der Schweiz nun im Januar eine halbe Million Impfdosen bereit. Die erste Lieferung von 200'000 Dosen «Moderna» erfolge in den nächsten Tagen. Die Armeeapotheke verteilt den Impfstoff an die Kantone.
