{"version":"1.0","provider_name":"Risparmiare","provider_url":"https:\/\/news.save.ch\/it","author_name":"Roger Str\u00e4ssle","author_url":"https:\/\/news.save.ch\/it\/author\/roger-straessle\/","title":"Umstrittene Corona-\u00dcberwachung - Save","type":"rich","width":600,"height":338,"html":"<blockquote class=\"wp-embedded-content\" data-secret=\"IysjK4MLXI\"><a href=\"https:\/\/news.save.ch\/it\/umstrittene-corona-ueberwachung-fuer-virtuelle-patrouillen\/\">La controversa sorveglianza di Corona<\/a><\/blockquote><iframe sandbox=\"allow-scripts\" security=\"restricted\" src=\"https:\/\/news.save.ch\/it\/umstrittene-corona-ueberwachung-fuer-virtuelle-patrouillen\/embed\/#?secret=IysjK4MLXI\" width=\"600\" height=\"338\" title=\"&#8220;Umstrittene Corona-\u00dcberwachung&#8221; &#8212; Save\" data-secret=\"IysjK4MLXI\" frameborder=\"0\" marginwidth=\"0\" marginheight=\"0\" scrolling=\"no\" class=\"wp-embedded-content\"><\/iframe><script>\n\/*! This file is auto-generated *\/\n!function(d,l){\"use strict\";l.querySelector&&d.addEventListener&&\"undefined\"!=typeof URL&&(d.wp=d.wp||{},d.wp.receiveEmbedMessage||(d.wp.receiveEmbedMessage=function(e){var t=e.data;if((t||t.secret||t.message||t.value)&&!\/[^a-zA-Z0-9]\/.test(t.secret)){for(var s,r,n,a=l.querySelectorAll('iframe[data-secret=\"'+t.secret+'\"]'),o=l.querySelectorAll('blockquote[data-secret=\"'+t.secret+'\"]'),c=new RegExp(\"^https?:$\",\"i\"),i=0;i<o.length;i++)o[i].style.display=\"none\";for(i=0;i<a.length;i++)s=a[i],e.source===s.contentWindow&&(s.removeAttribute(\"style\"),\"height\"===t.message?(1e3<(r=parseInt(t.value,10))?r=1e3:~~r<200&&(r=200),s.height=r):\"link\"===t.message&&(r=new URL(s.getAttribute(\"src\")),n=new URL(t.value),c.test(n.protocol))&&n.host===r.host&&l.activeElement===s&&(d.top.location.href=t.value))}},d.addEventListener(\"message\",d.wp.receiveEmbedMessage,!1),l.addEventListener(\"DOMContentLoaded\",function(){for(var e,t,s=l.querySelectorAll(\"iframe.wp-embedded-content\"),r=0;r<s.length;r++)(t=(e=s[r]).getAttribute(\"data-secret\"))||(t=Math.random().toString(36).substring(2,12),e.src+=\"#?secret=\"+t,e.setAttribute(\"data-secret\",t)),e.contentWindow.postMessage({message:\"ready\",secret:t},\"*\")},!1)))}(window,document);\n\/\/# sourceURL=https:\/\/news.save.ch\/wp-includes\/js\/wp-embed.min.js\n<\/script>","thumbnail_url":"https:\/\/news.save.ch\/wp-content\/uploads\/2020\/04\/ueberwachung-scaled-1-scaled.jpg","thumbnail_width":1400,"thumbnail_height":934,"description":"&nbsp; In Ausnahmezeiten schalten die Beh\u00f6rden schon mal den \u00abTurbo\u00bb im Kampf gegen das Coronavirus ein. So geschehen im Kanton Aargau, der sich das Recht herausnimmt, verst\u00e4rkt mit Video\u00fcberwachung zu arbeiten. Gest\u00fctzt auf die kantonale Sonderverordnung vom 1. April 2020 k\u00f6nnen deshalb auch optische-elektronische \u00dcberwachungsanlagen eingesetzt werden. Konkret heisst es dazu im Abschnitt \u00abVideo\u00fcberwachung im [&hellip;]"}

Roger Strässle

Umstrittene Corona-Überwachung - Save

<blockquote class="wp-embedded-content" data-secret="IysjK4MLXI"><a href="https://news.save.ch/it/umstrittene-corona-ueberwachung-fuer-virtuelle-patrouillen/">La controversa sorveglianza di Corona</a></blockquote><iframe sandbox="allow-scripts" security="restricted" src="https://news.save.ch/it/umstrittene-corona-ueberwachung-fuer-virtuelle-patrouillen/embed/#?secret=IysjK4MLXI" width="600" height="338" title="&#8220;Umstrittene Corona-Überwachung&#8221; &#8212; Save" data-secret="IysjK4MLXI" frameborder="0" marginwidth="0" marginheight="0" scrolling="no" class="wp-embedded-content"></iframe><script>
/*! This file is auto-generated */
!function(d,l){"use strict";l.querySelector&&d.addEventListener&&"undefined"!=typeof URL&&(d.wp=d.wp||{},d.wp.receiveEmbedMessage||(d.wp.receiveEmbedMessage=function(e){var t=e.data;if((t||t.secret||t.message||t.value)&&!/[^a-zA-Z0-9]/.test(t.secret)){for(var s,r,n,a=l.querySelectorAll('iframe[data-secret="'+t.secret+'"]'),o=l.querySelectorAll('blockquote[data-secret="'+t.secret+'"]'),c=new RegExp("^https?:$","i"),i=0;i<o.length;i++)o[i].style.display="none";for(i=0;i<a.length;i++)s=a[i],e.source===s.contentWindow&&(s.removeAttribute("style"),"height"===t.message?(1e3<(r=parseInt(t.value,10))?r=1e3:~~r<200&&(r=200),s.height=r):"link"===t.message&&(r=new URL(s.getAttribute("src")),n=new URL(t.value),c.test(n.protocol))&&n.host===r.host&&l.activeElement===s&&(d.top.location.href=t.value))}},d.addEventListener("message",d.wp.receiveEmbedMessage,!1),l.addEventListener("DOMContentLoaded",function(){for(var e,t,s=l.querySelectorAll("iframe.wp-embedded-content"),r=0;r<s.length;r++)(t=(e=s[r]).getAttribute("data-secret"))||(t=Math.random().toString(36).substring(2,12),e.src+="#?secret="+t,e.setAttribute("data-secret",t)),e.contentWindow.postMessage({message:"ready",secret:t},"*")},!1)))}(window,document);
//# sourceURL=https://news.save.ch/wp-includes/js/wp-embed.min.js
</script>

&nbsp; In Ausnahmezeiten schalten die Behörden schon mal den «Turbo» im Kampf gegen das Coronavirus ein. So geschehen im Kanton Aargau, der sich das Recht herausnimmt, verstärkt mit Videoüberwachung zu arbeiten. Gestützt auf die kantonale Sonderverordnung vom 1. April 2020 können deshalb auch optische-elektronische Überwachungsanlagen eingesetzt werden. Konkret heisst es dazu im Abschnitt «Videoüberwachung im [&hellip;]
