{"id":50,"date":"2021-05-06T15:33:39","date_gmt":"2021-05-06T13:33:39","guid":{"rendered":"https:\/\/develop.organisator.galledia.ch\/?page_id=50"},"modified":"2025-12-15T13:37:24","modified_gmt":"2025-12-15T12:37:24","slug":"ueber-uns","status":null,"type":"page","link":"https:\/\/news.save.ch\/it\/ueber-uns\/","title":{"rendered":"Chi siamo"},"content":{"rendered":"<p><strong>Redazione ed editore Save<\/strong><\/p>\n<p>\"save - Das Magazin f\u00fcr Sicherheit\" \u00e8 la pubblicazione pi\u00f9 importante per l'industria svizzera della sicurezza e della protezione. Competente, fondato e trasversale: questo \u00e8 il DNA giornalistico della nuova rivista specializzata, nata dalla fusione delle riviste specializzate SICHERHEITSFORUM e SAFETY-PLUS.<\/p>\n<p>Con save offriamo una piattaforma informativa centrale e integrale sui seguenti temi<br \/>\n- Salute e sicurezza<br \/>\n- Protezione antincendio<br \/>\n- Digitalizzazione<br \/>\n- Infrastrutture<br \/>\n- Gestione<br \/>\n- Sicurezza\/Tecnologia di sicurezza<br \/>\n- Informazioni sull'associazione.<\/p>\n<p>La redazione di save riporta le ultime tendenze e gli sviluppi del settore in collaborazione con esperti del settore.<br \/>\nIn articoli di fondo e interviste seriamente studiate, mettiamo in evidenza gli sviluppi tecnologici, i contesti di mercato e i servizi pi\u00f9 interessanti.<br \/>\nsave viene pubblicato con 6 numeri all'anno, oltre a una presenza online aggiornata quotidianamente in 4 lingue.<\/p>\n<p>Qui troverete tutti i nomi, gli indirizzi e-mail e i numeri di telefono della nostra redazione e del nostro staff editoriale di SicherheitsForum.<\/p>\n<p>Galledia Fachmedien AG<br \/>\nBaslerstrasse 60<br \/>\n8048 Zurigo<br \/>\n<a href=\"tel:0583449898\">T +41 58 344 98 98<\/a><\/p>\n<p>_____________________________________________<\/p>\n<p><strong>Direttore editoriale<\/strong><br \/>\nHarald Zeindl<br \/>\n<a href=\"tel:0583449847\">T +41 58 344 98 47<\/a><br \/>\n<a href=\"mailto:harald.zeindl@galledia.ch\">harald.zeindl@galledia.ch<\/a><\/p>\n<p><strong>Responsabile consulenza media, vendite<\/strong><br \/>\nJutta Hausmann<br \/>\n<a href=\"tel:0583449806\">T +41 58 344 98 06<\/a><br \/>\n<a href=\"mailto:jutta.hausmann@fachmedien.ch\">jutta.hausmann@fachmedien.ch<\/a><\/p>\n<p>_____________________________________________<\/p>\n<p><strong>Gestione degli annunci<\/strong><br \/>\n<a href=\"tel:0583449898\">T +41 58 344 98 98<\/a><br \/>\n<a href=\"mailto:anzeigen.sicherheitsforum@galledia.ch\">anzeigen.sicherheitsforum@galledia.ch<\/a><\/p>\n<p><strong>Servizio lettori<\/strong><br \/>\n<a href=\"tel:0583449563\">T +41 58 344 95 63<\/a><br \/>\n<a href=\"mailto:abo.sicherheitsforum@galledia.ch\">abo.sicherheitsforum@galledia.ch<\/a><\/p>","protected":false},"excerpt":{"rendered":"<p>Redaktion und Verlag Save \u00absave \u2013 Das Magazin f\u00fcr Sicherheit\u00bb ist die wichtigste Publikation f\u00fcr die Schweizer Security- und Safety-Branche. Kompetent, fundiert und themen\u00fcbergreifend \u2013 dies ist die journalistische DNA des neuen Fachmagazins, welches aus dem Zusammenschluss der Fachzeitschriften SICHERHEITSFORUM und SAFETY-PLUS entstanden ist. Mit save bieten wir eine zentrale und integrale Informationsplattform zu den [&hellip;]<\/p>\n","protected":false},"author":1,"featured_media":0,"parent":0,"menu_order":0,"comment_status":"closed","ping_status":"closed","template":"","meta":{"_acf_changed":false,"pgc_sgb_lightbox_settings":"","footnotes":""},"class_list":["post-50","page","type-page","status-publish","hentry"],"acf":[],"hkrextid":null,"publication":null,"issue":null,"workflow":null,"startPage":null,"spitzmarke":null,"_posts_by_tag_page_fields":null,"_at_widget":null,"_yoast_wpseo_primary_category":null,"_yoast_wpseo_focuskw_text_input":null,"_yoast_wpseo_opengraph-image":null,"_yoast_wpseo_opengraph-description":null,"_yoast_wpseo_opengraph-title":null,"enclosure":null,"_yoast_wpseo_twitter-title":null,"_yoast_wpseo_twitter-description":null,"_yoast_wpseo_twitter-image":null,"_wp_old_slug":null,"_yoast_wpseo_title":"Redaktion & Verlag | save \u2013 Das Magazin f\u00fcr Sicherheit in der Schweiz","_yoast_wpseo_canonical":null,"yoast_head":"<!-- This site is optimized with the Yoast SEO plugin v27.5 - https:\/\/yoast.com\/product\/yoast-seo-wordpress\/ -->\n<title>Redaktion &amp; Verlag | save \u2013 Das Magazin f\u00fcr Sicherheit in der Schweiz<\/title>\n<meta name=\"description\" content=\"save \u2013 Das Magazin f\u00fcr Sicherheit ist die f\u00fchrende Fachpublikation der Schweizer Security- und Safety-Branche. Redaktion, Verlag und Ansprechpartner im \u00dcberblick.\" \/>\n<meta name=\"robots\" content=\"index, follow, max-snippet:-1, max-image-preview:large, max-video-preview:-1\" \/>\n<link rel=\"canonical\" href=\"https:\/\/news.save.ch\/it\/ueber-uns\/\" \/>\n<meta property=\"og:locale\" content=\"it_IT\" \/>\n<meta property=\"og:type\" content=\"article\" \/>\n<meta property=\"og:title\" content=\"Redaktion &amp; Verlag | save \u2013 Das Magazin f\u00fcr Sicherheit in der Schweiz\" \/>\n<meta property=\"og:description\" content=\"save \u2013 Das Magazin f\u00fcr Sicherheit ist die f\u00fchrende Fachpublikation der Schweizer Security- und Safety-Branche. Redaktion, Verlag und Ansprechpartner im \u00dcberblick.\" \/>\n<meta property=\"og:url\" content=\"https:\/\/news.save.ch\/it\/ueber-uns\/\" \/>\n<meta property=\"og:site_name\" content=\"Save\" \/>\n<meta property=\"article:modified_time\" content=\"2025-12-15T12:37:24+00:00\" \/>\n<meta name=\"twitter:card\" content=\"summary_large_image\" \/>\n<meta name=\"twitter:label1\" content=\"Tempo di lettura stimato\" \/>\n\t<meta name=\"twitter:data1\" content=\"1 minuto\" \/>\n<script type=\"application\/ld+json\" class=\"yoast-schema-graph\">{\"@context\":\"https:\\\/\\\/schema.org\",\"@graph\":[{\"@type\":\"WebPage\",\"@id\":\"https:\\\/\\\/news.save.ch\\\/ueber-uns\\\/\",\"url\":\"https:\\\/\\\/news.save.ch\\\/ueber-uns\\\/\",\"name\":\"Redaktion & Verlag | save \u2013 Das Magazin f\u00fcr Sicherheit in der Schweiz\",\"isPartOf\":{\"@id\":\"https:\\\/\\\/news.save.ch\\\/de\\\/#website\"},\"datePublished\":\"2021-05-06T13:33:39+00:00\",\"dateModified\":\"2025-12-15T12:37:24+00:00\",\"description\":\"save \u2013 Das Magazin f\u00fcr Sicherheit ist die f\u00fchrende Fachpublikation der Schweizer Security- und Safety-Branche. Redaktion, Verlag und Ansprechpartner im \u00dcberblick.\",\"breadcrumb\":{\"@id\":\"https:\\\/\\\/news.save.ch\\\/ueber-uns\\\/#breadcrumb\"},\"inLanguage\":\"it-IT\",\"potentialAction\":[{\"@type\":\"ReadAction\",\"target\":[\"https:\\\/\\\/news.save.ch\\\/ueber-uns\\\/\"]}]},{\"@type\":\"BreadcrumbList\",\"@id\":\"https:\\\/\\\/news.save.ch\\\/ueber-uns\\\/#breadcrumb\",\"itemListElement\":[{\"@type\":\"ListItem\",\"position\":1,\"name\":\"Home\",\"item\":\"https:\\\/\\\/news.save.ch\\\/de\\\/\"},{\"@type\":\"ListItem\",\"position\":2,\"name\":\"\u00dcber uns\"}]},{\"@type\":\"WebSite\",\"@id\":\"https:\\\/\\\/news.save.ch\\\/de\\\/#website\",\"url\":\"https:\\\/\\\/news.save.ch\\\/de\\\/\",\"name\":\"Save\",\"description\":\"Schweizer Fachzeitschrift f\u00fcr Sicherheit\",\"publisher\":{\"@id\":\"https:\\\/\\\/news.save.ch\\\/de\\\/#organization\"},\"potentialAction\":[{\"@type\":\"SearchAction\",\"target\":{\"@type\":\"EntryPoint\",\"urlTemplate\":\"https:\\\/\\\/news.save.ch\\\/de\\\/?s={search_term_string}\"},\"query-input\":{\"@type\":\"PropertyValueSpecification\",\"valueRequired\":true,\"valueName\":\"search_term_string\"}}],\"inLanguage\":\"it-IT\"},{\"@type\":\"Organization\",\"@id\":\"https:\\\/\\\/news.save.ch\\\/de\\\/#organization\",\"name\":\"Sicherheitsforum\",\"url\":\"https:\\\/\\\/news.save.ch\\\/de\\\/\",\"logo\":{\"@type\":\"ImageObject\",\"inLanguage\":\"it-IT\",\"@id\":\"https:\\\/\\\/news.save.ch\\\/de\\\/#\\\/schema\\\/logo\\\/image\\\/\",\"url\":\"https:\\\/\\\/news.save.ch\\\/wp-content\\\/uploads\\\/2022\\\/06\\\/Logo_SF_2012.png\",\"contentUrl\":\"https:\\\/\\\/news.save.ch\\\/wp-content\\\/uploads\\\/2022\\\/06\\\/Logo_SF_2012.png\",\"width\":1100,\"height\":91,\"caption\":\"Sicherheitsforum\"},\"image\":{\"@id\":\"https:\\\/\\\/news.save.ch\\\/de\\\/#\\\/schema\\\/logo\\\/image\\\/\"}}]}<\/script>\n<!-- \/ Yoast SEO plugin. -->","yoast_head_json":{"title":"Redazione e casa editrice | save \u2013 La rivista dedicata alla sicurezza in Svizzera","description":"save \u2013 La rivista dedicata alla sicurezza \u00e8 la principale pubblicazione specializzata del settore della sicurezza in Svizzera. Panoramica della redazione, della casa editrice e dei referenti.","robots":{"index":"index","follow":"follow","max-snippet":"max-snippet:-1","max-image-preview":"max-image-preview:large","max-video-preview":"max-video-preview:-1"},"canonical":"https:\/\/news.save.ch\/it\/ueber-uns\/","og_locale":"it_IT","og_type":"article","og_title":"Redaktion & Verlag | save \u2013 Das Magazin f\u00fcr Sicherheit in der Schweiz","og_description":"save \u2013 Das Magazin f\u00fcr Sicherheit ist die f\u00fchrende Fachpublikation der Schweizer Security- und Safety-Branche. Redaktion, Verlag und Ansprechpartner im \u00dcberblick.","og_url":"https:\/\/news.save.ch\/it\/ueber-uns\/","og_site_name":"Save","article_modified_time":"2025-12-15T12:37:24+00:00","twitter_card":"summary_large_image","twitter_misc":{"Tempo di lettura stimato":"1 minuto"},"schema":{"@context":"https:\/\/schema.org","@graph":[{"@type":"WebPage","@id":"https:\/\/news.save.ch\/ueber-uns\/","url":"https:\/\/news.save.ch\/ueber-uns\/","name":"Redazione e casa editrice | save \u2013 La rivista dedicata alla sicurezza in Svizzera","isPartOf":{"@id":"https:\/\/news.save.ch\/de\/#website"},"datePublished":"2021-05-06T13:33:39+00:00","dateModified":"2025-12-15T12:37:24+00:00","description":"save \u2013 La rivista dedicata alla sicurezza \u00e8 la principale pubblicazione specializzata del settore della sicurezza in Svizzera. Panoramica della redazione, della casa editrice e dei referenti.","breadcrumb":{"@id":"https:\/\/news.save.ch\/ueber-uns\/#breadcrumb"},"inLanguage":"it-IT","potentialAction":[{"@type":"ReadAction","target":["https:\/\/news.save.ch\/ueber-uns\/"]}]},{"@type":"BreadcrumbList","@id":"https:\/\/news.save.ch\/ueber-uns\/#breadcrumb","itemListElement":[{"@type":"ListItem","position":1,"name":"Home","item":"https:\/\/news.save.ch\/de\/"},{"@type":"ListItem","position":2,"name":"\u00dcber uns"}]},{"@type":"WebSite","@id":"https:\/\/news.save.ch\/de\/#website","url":"https:\/\/news.save.ch\/de\/","name":"Risparmiare","description":"Rivista svizzera specializzata in sicurezza","publisher":{"@id":"https:\/\/news.save.ch\/de\/#organization"},"potentialAction":[{"@type":"SearchAction","target":{"@type":"EntryPoint","urlTemplate":"https:\/\/news.save.ch\/de\/?s={search_term_string}"},"query-input":{"@type":"PropertyValueSpecification","valueRequired":true,"valueName":"search_term_string"}}],"inLanguage":"it-IT"},{"@type":"Organization","@id":"https:\/\/news.save.ch\/de\/#organization","name":"Forum sulla sicurezza","url":"https:\/\/news.save.ch\/de\/","logo":{"@type":"ImageObject","inLanguage":"it-IT","@id":"https:\/\/news.save.ch\/de\/#\/schema\/logo\/image\/","url":"https:\/\/news.save.ch\/wp-content\/uploads\/2022\/06\/Logo_SF_2012.png","contentUrl":"https:\/\/news.save.ch\/wp-content\/uploads\/2022\/06\/Logo_SF_2012.png","width":1100,"height":91,"caption":"Sicherheitsforum"},"image":{"@id":"https:\/\/news.save.ch\/de\/#\/schema\/logo\/image\/"}}]}},"_links":{"self":[{"href":"https:\/\/news.save.ch\/it\/wp-json\/wp\/v2\/pages\/50","targetHints":{"allow":["GET"]}}],"collection":[{"href":"https:\/\/news.save.ch\/it\/wp-json\/wp\/v2\/pages"}],"about":[{"href":"https:\/\/news.save.ch\/it\/wp-json\/wp\/v2\/types\/page"}],"author":[{"embeddable":true,"href":"https:\/\/news.save.ch\/it\/wp-json\/wp\/v2\/users\/1"}],"replies":[{"embeddable":true,"href":"https:\/\/news.save.ch\/it\/wp-json\/wp\/v2\/comments?post=50"}],"version-history":[{"count":13,"href":"https:\/\/news.save.ch\/it\/wp-json\/wp\/v2\/pages\/50\/revisions"}],"predecessor-version":[{"id":24830,"href":"https:\/\/news.save.ch\/it\/wp-json\/wp\/v2\/pages\/50\/revisions\/24830"}],"wp:attachment":[{"href":"https:\/\/news.save.ch\/it\/wp-json\/wp\/v2\/media?parent=50"}],"curies":[{"name":"wp","href":"https:\/\/api.w.org\/{rel}","templated":true}]}}

<p><strong>Redazione ed editore Save</strong></p>
<p>"save - Das Magazin für Sicherheit" è la pubblicazione più importante per l'industria svizzera della sicurezza e della protezione. Competente, fondato e trasversale: questo è il DNA giornalistico della nuova rivista specializzata, nata dalla fusione delle riviste specializzate SICHERHEITSFORUM e SAFETY-PLUS.</p>
<p>Con save offriamo una piattaforma informativa centrale e integrale sui seguenti temi<br />
- Salute e sicurezza<br />
- Protezione antincendio<br />
- Digitalizzazione<br />
- Infrastrutture<br />
- Gestione<br />
- Sicurezza/Tecnologia di sicurezza<br />
- Informazioni sull'associazione.</p>
<p>La redazione di save riporta le ultime tendenze e gli sviluppi del settore in collaborazione con esperti del settore.<br />
In articoli di fondo e interviste seriamente studiate, mettiamo in evidenza gli sviluppi tecnologici, i contesti di mercato e i servizi più interessanti.<br />
save viene pubblicato con 6 numeri all'anno, oltre a una presenza online aggiornata quotidianamente in 4 lingue.</p>
<p>Qui troverete tutti i nomi, gli indirizzi e-mail e i numeri di telefono della nostra redazione e del nostro staff editoriale di SicherheitsForum.</p>
<p>Galledia Fachmedien AG<br />
Baslerstrasse 60<br />
8048 Zurigo<br />
<a href="tel:0583449898">T +41 58 344 98 98</a></p>
<p>_____________________________________________</p>
<p><strong>Direttore editoriale</strong><br />
Harald Zeindl<br />
<a href="tel:0583449847">T +41 58 344 98 47</a><br />
<a href="mailto:harald.zeindl@galledia.ch">harald.zeindl@galledia.ch</a></p>
<p><strong>Responsabile consulenza media, vendite</strong><br />
Jutta Hausmann<br />
<a href="tel:0583449806">T +41 58 344 98 06</a><br />
<a href="mailto:jutta.hausmann@fachmedien.ch">jutta.hausmann@fachmedien.ch</a></p>
<p>_____________________________________________</p>
<p><strong>Gestione degli annunci</strong><br />
<a href="tel:0583449898">T +41 58 344 98 98</a><br />
<a href="mailto:anzeigen.sicherheitsforum@galledia.ch">anzeigen.sicherheitsforum@galledia.ch</a></p>
<p><strong>Servizio lettori</strong><br />
<a href="tel:0583449563">T +41 58 344 95 63</a><br />
<a href="mailto:abo.sicherheitsforum@galledia.ch">abo.sicherheitsforum@galledia.ch</a></p>

<p>Redaktion und Verlag Save «save – Das Magazin für Sicherheit» ist die wichtigste Publikation für die Schweizer Security- und Safety-Branche. Kompetent, fundiert und themenübergreifend – dies ist die journalistische DNA des neuen Fachmagazins, welches aus dem Zusammenschluss der Fachzeitschriften SICHERHEITSFORUM und SAFETY-PLUS entstanden ist. Mit save bieten wir eine zentrale und integrale Informationsplattform zu den [&hellip;]</p>

Redaktion & Verlag | save – Das Magazin für Sicherheit in der Schweiz

<!-- This site is optimized with the Yoast SEO plugin v27.5 - https://yoast.com/product/yoast-seo-wordpress/ -->
<title>Redaktion &amp; Verlag | save – Das Magazin für Sicherheit in der Schweiz</title>
<meta name="description" content="save – Das Magazin für Sicherheit ist die führende Fachpublikation der Schweizer Security- und Safety-Branche. Redaktion, Verlag und Ansprechpartner im Überblick." />
<meta name="robots" content="index, follow, max-snippet:-1, max-image-preview:large, max-video-preview:-1" />
<link rel="canonical" href="https://news.save.ch/it/ueber-uns/" />
<meta property="og:locale" content="it_IT" />
<meta property="og:type" content="article" />
<meta property="og:title" content="Redaktion &amp; Verlag | save – Das Magazin für Sicherheit in der Schweiz" />
<meta property="og:description" content="save – Das Magazin für Sicherheit ist die führende Fachpublikation der Schweizer Security- und Safety-Branche. Redaktion, Verlag und Ansprechpartner im Überblick." />
<meta property="og:url" content="https://news.save.ch/it/ueber-uns/" />
<meta property="og:site_name" content="Save" />
<meta property="article:modified_time" content="2025-12-15T12:37:24+00:00" />
<meta name="twitter:card" content="summary_large_image" />
<meta name="twitter:label1" content="Tempo di lettura stimato" />
	<meta name="twitter:data1" content="1 minuto" />
<script type="application/ld+json" class="yoast-schema-graph">{"@context":"https:\/\/schema.org","@graph":[{"@type":"WebPage","@id":"https:\/\/news.save.ch\/ueber-uns\/","url":"https:\/\/news.save.ch\/ueber-uns\/","name":"Redaktion & Verlag | save – Das Magazin für Sicherheit in der Schweiz","isPartOf":{"@id":"https:\/\/news.save.ch\/de\/#website"},"datePublished":"2021-05-06T13:33:39+00:00","dateModified":"2025-12-15T12:37:24+00:00","description":"save – Das Magazin für Sicherheit ist die führende Fachpublikation der Schweizer Security- und Safety-Branche. Redaktion, Verlag und Ansprechpartner im Überblick.","breadcrumb":{"@id":"https:\/\/news.save.ch\/ueber-uns\/#breadcrumb"},"inLanguage":"it-IT","potentialAction":[{"@type":"ReadAction","target":["https:\/\/news.save.ch\/ueber-uns\/"]}]},{"@type":"BreadcrumbList","@id":"https:\/\/news.save.ch\/ueber-uns\/#breadcrumb","itemListElement":[{"@type":"ListItem","position":1,"name":"Home","item":"https:\/\/news.save.ch\/de\/"},{"@type":"ListItem","position":2,"name":"Über uns"}]},{"@type":"WebSite","@id":"https:\/\/news.save.ch\/de\/#website","url":"https:\/\/news.save.ch\/de\/","name":"Save","description":"Schweizer Fachzeitschrift für Sicherheit","publisher":{"@id":"https:\/\/news.save.ch\/de\/#organization"},"potentialAction":[{"@type":"SearchAction","target":{"@type":"EntryPoint","urlTemplate":"https:\/\/news.save.ch\/de\/?s={search_term_string}"},"query-input":{"@type":"PropertyValueSpecification","valueRequired":true,"valueName":"search_term_string"}}],"inLanguage":"it-IT"},{"@type":"Organization","@id":"https:\/\/news.save.ch\/de\/#organization","name":"Sicherheitsforum","url":"https:\/\/news.save.ch\/de\/","logo":{"@type":"ImageObject","inLanguage":"it-IT","@id":"https:\/\/news.save.ch\/de\/#\/schema\/logo\/image\/","url":"https:\/\/news.save.ch\/wp-content\/uploads\/2022\/06\/Logo_SF_2012.png","contentUrl":"https:\/\/news.save.ch\/wp-content\/uploads\/2022\/06\/Logo_SF_2012.png","width":1100,"height":91,"caption":"Sicherheitsforum"},"image":{"@id":"https:\/\/news.save.ch\/de\/#\/schema\/logo\/image\/"}}]}</script>
<!-- / Yoast SEO plugin. -->

save – La rivista dedicata alla sicurezza è la principale pubblicazione specializzata del settore della sicurezza in Svizzera. Panoramica della redazione, della casa editrice e dei referenti.

save – Das Magazin für Sicherheit ist die führende Fachpublikation der Schweizer Security- und Safety-Branche. Redaktion, Verlag und Ansprechpartner im Überblick.

Über uns
